mon factor of 24 and v?
24
Let c(y) = -2*y + 7. Let g be c(-5). Let k = 28 - -108. What is the highest common divisor of g and k?
17
Let l(d) = d**2. Let j(f) = -2*f**2 - 4. Let y(t) = -j(t) - l(t). Let o be y(-4). Calculate the highest common factor of o and 10.
10
Let o(u) = 3*u + 4. Let g(h) = h**3 + 7*h**2 + 5*h - 3. Let l be g(-6). Let t be o(l). Calculate the greatest common factor of t and 26.
13
Let d be 0 + 2 - 0/(-6). Let l be (4/5)/(d/70). What is the highest common factor of 4 and l?
4
Let m be ((-2)/5)/(3/(-45)). Suppose 2*z = -f - m, f + 2*f - z - 3 = 0. Suppose 0 = -f*a + a - 14. What is the greatest common factor of 14 and a?
14
Suppose -5*b = -3*b - 16. Let g be 3 + -2 + 0 + b. Let o(j) = 15*j**2 - 3*j - 3. Let r be o(-2). What is the highest common factor of r and g?
9
Let x be 272/(-120)*-5*(-3)/(-2). What is the greatest common divisor of x and 1?
1
Suppose -3*x - 39 = -4*w + 211, -10 = -5*x. Calculate the highest common divisor of 8 and w.
8
Let u be (-369)/(-12) + (-9)/12. Calculate the highest common divisor of 12 and u.
6
Let a be 361/10 - 2/20. Calculate the highest common factor of a and 4.
4
Let v be ((-14)/(-4) - 4)*-150. Calculate the greatest common factor of v and 30.
15
Let u be 3*((-70)/(-15) - 4). Calculate the highest common factor of 6 and u.
2
Suppose -c + n - 1 = 0, 3*c - 2*n = -7*n + 29. Suppose -u = -c*u + 6. Suppose -u*b = 1 - 19. What is the greatest common factor of 66 and b?
6
Let t be (-987)/(-9) - 4/(-12). Let m = -75 + t. Calculate the highest common divisor of 5 and m.
5
Let s = -1 + 1. Suppose s = -7*k + 5*k + 120. Calculate the highest common factor of 15 and k.
15
Let a(t) = t**2 - 2. Let n be a(2). Suppose n*m - 4*m = -60. Let y be m*(-2)/(-5)*3. What is the highest common factor of y and 9?
9
Suppose h = -h + 12. Let s = h + 1. Calculate the highest common divisor of s and 63.
7
Suppose 8 = 4*b - 4. Suppose b = -0*l + 3*l, 2*l = -5*h + 27. Calculate the greatest common factor of 1 and h.
1
Suppose 0*g - 2*g + 2 = 0. What is the highest common divisor of 7 and g?
1
Suppose 585 = 3*k + 5*l, 0*k - 5*l = 5*k - 985. Let c = 104 - k. Let n = -66 - c. What is the highest common factor of 12 and n?
6
Let p be 0 + (4 - 8/4)/2. What is the highest common divisor of 11 and p?
1
Suppose v + 8 = -0*c + 5*c, 5*c = 4*v - 28. Suppose 5*g + 1 = -d + 7, 12 = 2*d + 4*g. What is the highest common factor of v and d?
6
Let p be 9/7 + (-2)/7. Suppose 3*i + 0*a = 2*a + 6, 2*i - 5*a - 15 = 0. Let k be i/(1/p) + 3. Calculate the greatest common factor of 15 and k.
3
Let p = 11 - 5. Let x be 1/p - 71/(-6). Calculate the highest common divisor of x and 60.
12
Let y(m) = -7*m - 70. Let r be y(-23). Calculate the highest common factor of 13 and r.
13
Suppose 3*g - 4*q = 10, -3*g + 5*g + 2*q = 2. Let v be ((-264)/36)/(g/(-3)). Let h = -2 - -3. Calculate the greatest common divisor of h and v.
1
Let u = 13 + -8. Let y = -10 + 7. Let h be 1*14 - 3/y. What is the greatest common factor of h and u?
5
Suppose 3*z - 12 = o - 2*z, 0 = -3*o + 3*z. Let t(u) = -u**2 + 3*u - 3 + 3*u**2 + 4. Let l be t(-2). Calculate the greatest common divisor of l and o.
3
Suppose -12*k + 138 = 42. Calculate the highest common factor of 12 and k.
4
Let r = 181 + -153. What is the highest common factor of r and 7?
7
Suppose -c + 1 + 3 = 0. Suppose 5*v + 103 = 5*h + v, 82 = 4*h - 3*v. Let x = h + -11. What is the greatest common divisor of c and x?
4
Suppose 2*b + 176 = 2*x, -5*x + 550 = -b + 122. Calculate the highest common factor of x and 5.
5
Suppose 3*y = -5*y + 352. Calculate the greatest common factor of 4 and y.
4
Suppose -4*x - r = 2*r - 132, -4*r = 5*x - 166. Let h = -18 + 12. Let n(k) = -2*k - 6. Let l be n(h). What is the highest common factor of l and x?
6
Suppose -2*x + x = -4, -4*c + 36 = -x. Let w = c - 6. What is the highest common factor of 4 and w?
4
Suppose -2*a + 68 = 2*a. Let m = 1 - 1. Suppose m = 2*w - 197 - 41. What is the highest common divisor of a and w?
17
Suppose -o + 119 = h, 2*o - 2*h + 583 = 7*o. Calculate the highest common factor of o and 23.
23
Let m be 21/((-4)/4 + 2). Let g = -15 - -9. Let y = g + m. What is the greatest common factor of y and 75?
15
Let t = 120 + -84. What is the greatest common divisor of 4 and t?
4
Let y = 83 + -69. Calculate the highest common divisor of 266 and y.
14
Suppose 2*s - 28 = -0*b + 4*b, 31 = 4*s - 3*b. Let q = s - 1. Suppose 2*u - 30 = -4*o, -3*u = q*o - 2*u - 22. What is the highest common factor of o and 7?
7
Suppose 0 = -2*b + 37 + 243. What is the highest common divisor of b and 14?
14
Suppose -4 = 5*f + 1. Let m = f - -2. Calculate the greatest common factor of m and 11.
1
Let l(v) = v**3 - v + 16. Suppose -20 = 5*n + 5. Let x = -5 - n. Let y be l(x). What is the highest common factor of y and 80?
16
Suppose -4 = -a - 3*k, -12 = 4*k - 0*k. Let m = a - 11. What is the highest common divisor of 4 and m?
2
Let f(k) = -2*k**2 + 16*k + 4. Let i be f(8). Calculate the highest common divisor of 5 and i.
1
Let d(f) = 41*f**3 + 1. Let j be d(1). Let s be 4 + (-2*1 - -3). Suppose -50 = -3*w + o + 3*o, -w + s*o = -24. What is the greatest common factor of j and w?
14
Let w be ((-6)/(-2))/((-6)/(-136)). Suppose 0 = -2*t + t - 3, 0 = -4*s + 4*t + 80. What is the highest common divisor of s and w?
17
Suppose 0 = 4*g - 29 - 19. What is the highest common divisor of 12 and g?
12
Suppose -12*p = -112 - 308. Calculate the highest common factor of p and 7.
7
Let d = -18 - -36. Let g be (1*-3)/(8/(-48)). What is the greatest common factor of d and g?
18
Let f(a) = 8*a - 9 - a**3 + 0*a**3 + 5*a**2 + 0*a**3. Let g be f(6). Suppose g*n = -0*n + 12. What is the highest common factor of n and 16?
4
Suppose z + 41 = -5*d + 144, -5*d + 106 = 2*z. Calculate the greatest common divisor of 30 and d.
10
Suppose 0 = 11*f - 6*f - 760. What is the highest common factor of 19 and f?
19
Suppose 7*v + 450 = 2*v. Let m be ((-145)/(-2))/((-1)/(-2)). Let b = m + v. Calculate the highest common divisor of b and 5.
5
Suppose -2*o - 20 = -7*o. Calculate the greatest common divisor of 4 and o.
4
Suppose -8*f + 6*f = 0. Suppose -3*v - 2*v + 45 = f. What is the greatest common factor of v and 72?
9
Let b(k) = 2*k**2 + k. Let a be b(-1). Suppose 4*q + 4*y = 16, 0 = -0*q - 5*q + y + 20. Calculate the greatest common factor of a and q.
1
Let n(j) = -4*j + 4. Let u be n(-2). Calculate the greatest common factor of 18 and u.
6
Let w be (-2)/4*(1 - 5). Calculate the greatest common divisor of w and 1.
1
Suppose -5*d = -208 + 33. Let s be 0*(-1)/2*1. Let l = s + 7. What is the highest common factor of d and l?
7
Let g be (6 - 2) + 276/6. Calculate the greatest common divisor of g and 125.
25
Let a be 1166/(-4) - (-3)/2. Let l be 1/(-3) + a/(-15). What is the greatest common factor of l and 57?
19
Let g = 13 + -10. Suppose -4*q - 2*r + 34 = -30, g*q - 37 = 4*r. What is the highest common factor of q and 30?
15
Suppose 4*r - 16 - 92 = 0. What is the highest common divisor of 27 and r?
27
Let m be (-59)/((-3)/12*-2). Let g = 203 + m. Suppose -b + 3*p + 109 = 3*b, -3*b - p + g = 0. Calculate the highest common factor of b and 7.
7
Let b(s) = s**2 - 6*s + 8. Let z be b(13). Let w(d) = 2*d**3 - d**2 - d + 1. Let x be w(2). What is the highest common factor of x and z?
11
Let u = 10 + -5. Suppose -124 = -c - h, -6*c = -2*c + u*h - 501. Suppose -3*a = -33 - 18. What is the highest common factor of c and a?
17
Suppose 3*t + q - 8 = 18, 3*q = -4*t + 33. Let b be 9/(-3)*(0 - 1). Suppose -39 = -b*c + 15. Calculate the highest common factor of t and c.
9
Let f(q) = 24*q**2 - 3*q. Let w be f(2). What is the highest common divisor of 30 and w?
30
Let k be 0/(-3) + 2 + -2. Suppose v - 3 - 17 = k. Calculate the greatest common factor of 50 and v.
10
Let b be 87/5 + 3/5. Calculate the highest common divisor of b and 9.
9
Let w be (8/24)/((-1)/(-21)). Calculate the greatest common factor of 7 and w.
7
Let s be (-2 + 17)*2/6. Let r = -4 - s. Let a = -1 - r. Calculate the greatest common factor of 20 and a.
4
Let n(v) = v**2 + 1. Let p be (-10)/(-8) - 1/4. Let i be n(p). What is the highest common factor of 8 and i?
2
Let x(n) = n**3 + 28*n**2 + 21*n - 27. Let g be x(-27). What is the highest common factor of g and 30?
15
Let c be 0 - (3 - 2 